?
8
Suppose 676328 = -567*r + 498*r + 2934422. What is the tens digit of r?
2
Suppose 0 = 3*y + 15, -4*y - 1674 - 5954 = -4*t. What is the units digit of t?
2
Suppose 17*s - 27 = 18*s. Let i be -3369 + 1 + (s - 1)/7. What is the tens digit of i/(-52) + 4 - 4/(-26)?
6
Let t = -34623 + 50390. What is the hundreds digit of t?
7
Suppose 9*v - 843 = 282. Suppose -515 = -5*s - 5*o + v, 138 = s - o. What is the units digit of s?
3
Suppose 124412 - 3456 = 44*w. What is the thousands digit of w?
2
What is the tens digit of (-410)/(-8)*(-3 - (-6 + (-56 - 5)))?
8
What is the thousands digit of 2*((-4)/(-16))/((-13)/(-182)) - -12414?
2
Suppose 10*x + 44 = 21*x. Let b be ((-3)/3)/(x/(1*-20)). What is the tens digit of ((-7)/b - 6/15)*-15?
2
Let u be 310/93*(-24)/(-10). Let q(l) = -l**2 + 12*l - 33. Let x be q(u). What is the hundreds digit of x/5 - (-6110)/50?
1
Let i be -1 + -2 + (6 - 0) + 0. Let z(g) = 23*g + 9 + 11 + 17*g**2 + g**i - 3 - 7. What is the units digit of z(-15)?
5
Let u(c) = c - 12. Let p be u(3). Let y be 2*(-1)/p - (-680)/180. Suppose -y*t - 651 = -11*t. What is the units digit of t?
3
Let t(h) = 1148*h + 1774. What is the hundreds digit of t(57)?
2
Suppose 2*t + w = 9266, 8*t - 37066 = -20*w + 15*w. What is the tens digit of t?
3
Suppose 14*x = -n + 11*x + 6764, 5*n - 33892 = -3*x. What is the hundreds digit of n?
7
Let w(c) = c**3 - 6*c**2 - 18*c + 12. Let f be w(8). Let x(k) = -k - 13. Let l be x(f). Let j(d) = -2*d + 21. What is the units digit of j(l)?
9
Suppose 1476965 = 49*r + 35*r + 11*r. What is the thousands digit of r?
5
Let j = 80 + 320. Suppose 4*l = -2512 - j. What is the units digit of l/(-11) + (-14)/77?
6
Let b be (-826)/(-49) - (-10)/70. Suppose 5*o + 105 = 2*u, u - 5*u - 2*o = -270. Suppose -4*j = -2*x - 40, -3*j - 3*x - b = -u. What is the units digit of j?
2
Suppose 0 = 42*m - 215122 - 48260. What is the thousands digit of m?
6
Let k(n) = 851*n + 228. What is the hundreds digit of k(2)?
9
Suppose -110*g + 635851 + 1160485 = -34*g. What is the units digit of g?
6
Let o = 897 - -4423. What is the tens digit of o?
2
Let a be 320/(20/4) - -5. Suppose 64*l + 910 = a*l. Let j = -74 + l. What is the hundreds digit of j?
1
Let w(c) = -1838*c - 4749. What is the hundreds digit of w(-12)?
3
Suppose 4*a = -5*j - 388, -8 = 5*j + 12. What is the units digit of a/(-23)*(211/(-4))/(-1)?
1
Suppose o = p - 16, -9*p + 20 = -8*p + 3*o. Let g(i) = -i**3 + 17*i**2 + 38*i + 24. What is the units digit of g(p)?
0
Let h = -15 - 64. Let v = h - -82. Suppose -2*x + v = -91. What is the units digit of x?
7
Suppose 3*s = -7*a + 8*a + 12, 16 = 4*s - 2*a. Let w(t) = t**2 + 4*t + 3. Let f be w(-3). Suppose -s*y - 2*y + 576 = f. What is the tens digit of y?
9
Suppose 5674 = 2*d - 2*c, 0*d - 4*d + 3*c = -11340. What is the hundreds digit of d?
8
Let l be 31*(-4 + 1)/3. Let y = l + 29. Let r(n) = -9*n**3 - 4*n**2 - 6*n - 6. What is the units digit of r(y)?
2
Let i be (-2)/(-2) + 122 - 2. Suppose -14*l + 462 = -25*l. Let g = i + l. What is the tens digit of g?
7
Let x(t) = t**2 - 14*t - 96. Let h be x(14). What is the units digit of (-93168)/h + (-2)/8*-2?
1
Suppose -l - d = -36115 - 40833, -3*d - 27 = 0. What is the ten thousands digit of l?
7
Suppose 0 = 2*r + 3*j - 26638, 2*r - 26642 = 89*j - 94*j. What is the units digit of r?
6
Let p = -125 - -130. Suppose -1203 = 4*j - 8*j - p*y, j - 312 = y. What is the units digit of j?
7
Let u be (-12)/(5 - 104/16). Let s(n) = 2 + n**2 - 3 - 6*n + 10. What is the tens digit of s(u)?
2
Suppose 0 = -4*j + 3*b + 5168, -2*j - 351 = b - 2935. Suppose -12 = -3*u, 8*u - 3*u = -2*t + j. What is the units digit of t?
6
Let y = 335 - -344. Let z = -482 + y. What is the units digit of z?
7
Suppose -3*s - 3*g + 6021 = 0, -8*g - 2012 = -s - 10*g. What is the thousands digit of s?
2
Let c(n) = -n**3 + 104*n**2 + 265*n - 319. What is the thousands digit of c(105)?
6
Let l(z) be the third derivative of z**5/60 - z**4/24 + 40*z**3/3 - 7*z**2. Let w be l(0). Suppose w - 20 = 3*f. What is the tens digit of f?
2
Let j = -554 - -944. What is the units digit of j?
0
Suppose -j + 11 = -v, 3*v = 9 - 21. Suppose -j*s = -12*s - 15. What is the tens digit of ((-68)/20 - s)/(1/(-180))?
7
Let w(r) = -8*r - 1. Let d be w(-1). Let o be -26*1/((-2)/d). Let m = 60 + o. What is the hundreds digit of m?
1
Let k = 5 + -5. Let x(j) = j**2 - j + 43. Let d be x(6). Suppose -11*b + 12*b - d = k. What is the tens digit of b?
7
Let u(i) = i**3 - 21*i**2 - 23*i + 23. Let q be u(22). Let v be (2 - (-12)/(-20))*5 - q. Let f(x) = x**3 - 4*x**2 - 4*x + 6. What is the tens digit of f(v)?
5
Let g = -65 - -68. Suppose k = 4*i + 21, -7*i + g*i = 16. Suppose 3*z + 2*b - 491 = 0, k*z - 397 - 426 = -b. What is the units digit of z?
5
What is the tens digit of ((-28572)/(-21))/((1/6)/(28/48))?
6
Suppose -53*q = 28*q - 171558. What is the tens digit of q?
1
Let q(g) = 15*g**2 - 20*g - 12. Let f(u) = -76*u**2 + 99*u + 59. Let k(i) = 2*f(i) + 11*q(i). What is the hundreds digit of k(5)?
2
Let j(r) = -r**3 - 4*r + 3. Let k be j(0). Suppose -5*u + 3565 + 1180 = k*s, 2*s + 10 = 0. What is the hundreds digit of u?
9
Let h(n) = 902*n**2 - 57*n - 19. What is the thousands digit of h(-5)?
2
Suppose d + 22 = -2*d + 2*y, 0 = -4*d - 3*y - 1. What is the units digit of (2300/30)/((12/(-9))/d)?
0
Suppose -9*y - 13134 = -42*y. Let u = 1224 - y. What is the hundreds digit of u?
8
Suppose 67*s - 63*s = 5*d + 17012, -3*d - 17020 = -4*s. What is the hundreds digit of s?
2
Let c(r) = 8*r - 47. Let z(o) = -8*o + 50. Let k(b) = 2*c(b) + 3*z(b). What is the tens digit of k(-25)?
5
Let m be (4/18*3)/((-4)/(-6)). Suppose 0 = 2*j - a - 5, 3*j + m = 2*j + 4*a. Suppose 2*u + 9 = j*u. What is the units digit of u?
9
Let u = 9035 + 3814. What is the tens digit of u?
4
Let c(i) = -26 - 3 + 5 - 29 + 216*i - 50. What is the tens digit of c(7)?
0
Suppose -100 = -2*n - 98. Let u = 56 + n. What is the tens digit of u?
5
Suppose 0 = -2*q + 1 - 3, 1124 = 2*l - 2*q. Suppose -l + 131 = -r + 4*s, 4*r - 1676 = 5*s. Suppose r - 1350 = -8*b. What is the hundreds digit of b?
1
Suppose -3*j + 0*j + 582 = 0. Suppose 17 = -4*k + r - 6*r, -k = -5*r - 27. Suppose -2*y + k*q = -j, 5*y + 0*q = -q + 467. What is the tens digit of y?
9
Suppose -352 - 314 = -3*z. Let a(b) = -49*b + 1726. Let i be a(33). Let g = z - i. What is the hundreds digit of g?
1
Suppose 23528 = m + 4*u, 3*m - 153*u = -149*u + 70584. What is the tens digit of m?
2
Let d(p) be the first derivative of -p**4/4 - 3*p**3 + 9*p**2/2 + 30*p - 1493. Let g = -19 + 8. What is the units digit of d(g)?
3
Suppose 106*u = 107*u - 4. Suppose 1032 = u*i - 1588. What is the tens digit of i?
5
Let w(i) be the second derivative of -55*i**3/3 - 69*i**2/2 + 135*i. What is the tens digit of w(-14)?
7
Let a(n) = -n**2 - 10*n - 19. Let m be a(-7). Let k be (m + -1)/((-5)/(-20)). Suppose h - 243 = -k*o, 283 + 191 = 2*h + 2*o. What is the units digit of h?
5
What is the thousands digit of 13053/95*(-55)/(-66)*(791 - 1)?
0
Let h be 3/7 + (-64544)/(-56). What is the units digit of h/4 + 17/(-68)?
8
Let w(j) = -j**3 + 6*j**2 + 10*j - 9. Let m be w(7). Let p be (-150)/m*(-8)/(-5). What is the hundreds digit of 325/2*(-9)/(225/p)?
1
Suppose 4*l + 4*t = -4, 0 = t + 3. Suppose -l*g + 164 = 5*j, -g + j + 4*j + 52 = 0. What is the units digit of g?
2
Let x(l) = -l**3 - 10*l**2 + 36*l + 44. Suppose -y + 10 = -t, -t = 3*t - 2*y + 46. What is the tens digit of x(t)?
8
Suppose 2*g = g - i + 166, 0 = -3*g + 5*i + 498. Let a(d) = d**2 + 5*d + 3. Let t be a(-6). Suppose -g = -11*b + t*b. What is the tens digit of b?
8
Let t(n) = 84*n + 45. Let h be t(5). Suppose 11*r - 7*r - x = 619, -3*r + x = -h. What is the hundreds digit of r?
1
Let m(o) = 65*o**3 + o**2 + 4*o - 5. Let j be (1 - 3)*(-6 - -5). What is the units digit of m(j)?
7
Let w = 450 - 425. Suppose -w*k - 5800 = -33*k. What is the tens digit of k?
2
Let f(i) be the first derivative of i**4/4 - 8*i**3/3 + 3*i**2/2 + 7*i + 15. What is the units digit of f(11)?
3
Let a be (-11)/(231/72)*-21*11/33. Let m be 2/(-1 - -2) - -25. Suppose a = -26*f + m*f. What is the tens digit of f?
2
Let v = 278 - 439. Let b = 95 - v. What is the units digit of b?
6
Let x(m) be the second derivative of -17*m**3/3 - 19*m**2 - 2*m + 7. What is the t